e greatest common factor of m and 3?
3
Let h be ((-48)/(-6) - 2) + 2. What is the greatest common divisor of 44 and h?
4
Let a(l) = -9*l - 9. Let k(r) = -r - 1. Let n(x) = -4*a(x) + 28*k(x). Let t be 2/4 - 66/(-4). Let m be n(t). Calculate the highest common factor of 18 and m.
18
Suppose 3*n = 5*n - 30. What is the highest common factor of 55 and n?
5
Let z = 93 + -33. Calculate the highest common divisor of z and 5.
5
Let d(g) = g**2 - 5*g + 4. Let w be d(5). Let z(p) = 81*p - 157*p - 7 + 80*p. Let s be z(w). Calculate the greatest common divisor of s and 45.
9
Let y(o) = -o**2 + o + 154. Let s = 44 + -13. Let l = s - 31. Let v be y(l). Calculate the highest common divisor of 14 and v.
14
Suppose 5*s = 4*x - 10 - 3, 2*s = 6. Suppose -3*r + x*r + 84 = 0. Let p = -6 - r. What is the greatest common factor of 15 and p?
15
Let v(f) = -32*f + 1. Let z be v(-1). Suppose -14*m + 12*m + 120 = 0. Let h = m - 38. What is the highest common divisor of z and h?
11
Let x = 99 - 93. Suppose j - 20 = 3*g - 0, x = j + 4*g. Calculate the greatest common factor of 238 and j.
14
Let c = -22 - -16. Let o = c - -10. Calculate the highest common factor of o and 8.
4
Let h be (2490/(-4))/1*16/(-10). What is the greatest common factor of h and 12?
12
Let s(f) = 2*f + 7. Let z be s(-5). Let u be z/(-4) + 1190/56. Let k be 3 + u - (1 + 0). What is the greatest common factor of k and 60?
12
Let h = -155 + 188. Let c(m) = 22*m**2 - 7*m + 6. Let z be c(4). What is the greatest common factor of h and z?
33
Let j(z) = -7*z**3 - z**2 + z - 2. Let t be j(-2). Suppose -t = -25*q + 21*q. Calculate the greatest common divisor of 9 and q.
3
Let y(a) = -32*a + 72. Let s be y(-3). What is the highest common divisor of 21 and s?
21
Let b be -2 + -1 - (4 - 22). Suppose -2*y - 1235 = -5*c, -y = -c - 0*c + 244. Suppose c = 3*n - b. Calculate the greatest common factor of 11 and n.
11
Suppose -52*g + 35*g = -935. Let c(f) = -7*f. Let y be c(1). Let l be (-66)/(-14) + (-2)/y. What is the highest common divisor of l and g?
5
Suppose 59640 + 6708 = 76*u. What is the greatest common factor of u and 9?
9
Let j = -357 - -373. Let g(m) = -2*m + 3. Let z be g(2). Let a be 38/10 - z/5. Calculate the highest common factor of j and a.
4
Let k(h) = 7*h + 2. Let y be k(0). Suppose -3*o = -4*f - 0*o + 431, -434 = -4*f + y*o. What is the greatest common divisor of 55 and f?
55
Suppose -5*z + 157 - 27 = 0. Let c be z - -2*1 - (-11 + 10). What is the greatest common divisor of c and 232?
29
Let r be 378/78 + (-4)/(-26) + 7. What is the highest common factor of r and 732?
12
Let u be -3*(-36 - (-2 - -4)). Let s = u + -72. Calculate the greatest common divisor of s and 6.
6
Let o(f) = 29 + 23 - 3*f - 64. Let p be o(-5). What is the highest common factor of 30 and p?
3
Let f be -4 - (1 - 2)/(3/36). Let d be ((-60)/(-25))/3*5. Calculate the highest common divisor of f and d.
4
Let m be -2 - -1 - (-5 + -38). Suppose 0 = -j - 2*j + 12. Let w = j - -2. Calculate the greatest common divisor of m and w.
6
Let m(l) = 13*l**3 - 11*l**2 - l - 83*l**3 + 12*l**2. Let p be m(1). Let v = p - -119. What is the highest common factor of 7 and v?
7
Let n(k) = -k + 1. Let c be -3*(-1 + (-2)/6). Let f be n(c). Let r be f + 1/((-4)/(-552)). What is the highest common divisor of 15 and r?
15
Let i = 55 - 56. Let c be (1 - 4) + 170 + (i - -3). What is the highest common factor of 13 and c?
13
Suppose 86 = 4*q + 34. Suppose 0 = n - q - 37. What is the highest common factor of n and 25?
25
Let k(l) = 63*l + 68. Let z be k(-1). What is the highest common divisor of z and 475?
5
Let b be -7*(-1781)/(25 - 12). Calculate the greatest common factor of 7 and b.
7
Let n(y) = y**3 - 9*y**2 + 9*y - 4. Let m be n(8). Let q(g) = -g + 19. Let o be q(m). What is the highest common factor of o and 3?
3
Suppose -p + 14 = p. Suppose 755 = p*u + 167. What is the highest common factor of 12 and u?
12
Let u be ((36/(-16))/3)/(34/(-2992)). Calculate the greatest common divisor of 3 and u.
3
Let u be ((-2)/(-3) - 78/(-18)) + 185. What is the highest common divisor of 38 and u?
38
Let f be -2*((-61)/7 - 2/7). Let w be (792/(-55))/(2/(-20)). Calculate the greatest common divisor of w and f.
18
Suppose 4*r - 4*i - 80 = -0*i, 3*r - 20 = -5*i. Let a = -11 + r. Calculate the greatest common divisor of 32 and a.
4
Let w(q) = 0 - 3 - 2 - 26*q + 2. Let t(p) = -13*p - 1. Let n(r) = -5*t(r) + 3*w(r). Let o be n(-2). Calculate the greatest common divisor of o and 55.
11
Suppose -42*t + 338 + 502 = 0. Calculate the highest common factor of 140 and t.
20
Suppose y = -4*c + 88 + 186, 0 = -2*y + 4. Let w(l) = 55*l - 161. Let k be w(3). Calculate the greatest common factor of c and k.
4
Let d = 8 - 12. Let j = -42 + 86. Let o = j - d. What is the highest common divisor of 6 and o?
6
Let t be ((-3992)/2495)/((-4)/2430 + 0). What is the greatest common factor of 36 and t?
36
Let r(a) = -a**2 - 17*a - 14. Let k be r(-16). Suppose -5*p + 989 - 94 = 0. Suppose -k*x - 53 = -p. Calculate the highest common factor of 9 and x.
9
Suppose 15*y = -20*y + 35. What is the greatest common factor of y and 3?
1
Let b(d) = -4*d + 26. Let t be b(-10). Let c(v) = -v**2 + 13*v + 4. Let n be c(12). Let f = n + -10. Calculate the greatest common factor of t and f.
6
Let i(f) = f**3 - 16*f**2 + 2*f - 8. Let m be i(16). Let c = -14 + m. Calculate the greatest common factor of 110 and c.
10
Let b be (17 + -147)/(-2*1) - 2. What is the highest common divisor of b and 14?
7
Suppose 3*w - 140 = -s, -4*w - 165 = -145. What is the greatest common factor of s and 558?
31
Let c = -577 + 593. What is the greatest common factor of c and 12?
4
Let s = -18 + 74. Let a(k) = k**2 - 8*k - 7. Let h be a(9). Let u(l) = 6*l**2 - 5*l. Let c be u(h). What is the highest common factor of c and s?
14
Let g be (-27 - 11)*1/(-2). Calculate the highest common divisor of 361 and g.
19
Suppose 42*s - 48 = 38*s. What is the greatest common divisor of 114 and s?
6
Let o = -1885 + 2015. Let f = -24 + 76. What is the highest common factor of o and f?
26
Let z(k) = -4*k + 1. Let x be z(-1). Suppose 52 = x*l - 398. Let j = -118 + 128. What is the greatest common divisor of l and j?
10
Suppose -28 = -8*t - 260. Let o = 31 + t. Suppose -2 = -4*z - o*j - 6, -20 = 5*j. Calculate the greatest common divisor of z and 5.
1
Let c = 49 - 47. Suppose c*h = 25 + 59. Calculate the greatest common divisor of 21 and h.
21
Let s(j) = j**3 + 9*j**2 + 15*j + 52. Let k be s(-7). Calculate the greatest common factor of 279 and k.
9
Let t be 1836/126 + 3/7. Suppose -2*f = -41 + 11. Calculate the greatest common factor of f and t.
15
Suppose 9*w + 4*b - 176 = -154, 4*w - 3*b = 48. Suppose -k = -2*a + 93, -4*a - k + 18 + 177 = 0. What is the highest common divisor of w and a?
6
Let s = -206 - -214. Suppose -3 = -2*w + 21. What is the greatest common divisor of w and s?
4
Suppose 0*k = -2*k + 8, 17 = 3*s + 2*k. Suppose -120 = -3*b - 2*d - 0*d, -4*d - 138 = -s*b. Let n be 6/9*-3 + 8. What is the greatest common divisor of b and n?
6
Let t = -72 - -72. Suppose 3*l - 4*l - q + 23 = t, 3*l = -2*q + 66. What is the highest common divisor of 2 and l?
2
Suppose -12 = -3*x, -16*h + 17*h + x = 1381. Calculate the greatest common divisor of h and 17.
17
Let u be (-3 + -1)*(-1282)/8. Let k = -393 + u. What is the highest common divisor of 31 and k?
31
Let x be 1/((-5)/(-4)) - 1331/(-55). Calculate the greatest common divisor of 200 and x.
25
Let j = 2092 - 1633. Calculate the greatest common divisor of j and 85.
17
Let j = -45 - -37. Let b(l) = l. Let r(z) = -15*z - 3. Let c(s) = 12*b(s) + r(s). Let i be c(j). Calculate the greatest common factor of i and 126.
21
Let x(r) = -r + 7. Let d be x(6). Let u = -19 - -32. Let p(s) = -s + 16. Let c be p(u). Calculate the greatest common factor of c and d.
1
Let n be (10*11/(-3))/(1/36). Let r be n/(-10) + -1 + 4. Calculate the greatest common factor of r and 15.
15
Let t(k) be the second derivative of -k**4/12 - 3*k**3 - 17*k**2/2 + 6*k. Let q be t(-16). Let l = -7 + q. What is the highest common factor of l and 12?
4
Suppose 3*k - 16 = 23. Let v = k - -83. What is the greatest common divisor of v and 64?
32
Let z be (16/6)/(1/(-3)). Let r = 15 + z. Suppose 2*m + r = 11. What is the greatest common divisor o